t is 111000011101011 (base 2) in base 5?
1411112
-49724 (base 11) to base 5
-4241131
What is -20ba4 (base 15) in base 16?
-195c7
Convert -11511141 (base 6) to base 2.
-1011001100111000101
Convert 15cabb (base 15) to base 6.
34342122
What is -11000100100110100111 (base 2) in base 8?
-3044647
What is 44225445 (base 6) in base 7?
14161130
-611161 (base 7) to base 14
-29ad8
335d0 (base 15) to base 14
4373a
Convert -331606 (base 7) to base 16.
-e39b
Convert -235008 (base 10) to base 16.
-39600
Convert -203565 (base 11) to base 5.
-40424041
What is cd1c0 (base 14) in base 5?
111401103
-8058188 (base 10) to base 5
-4030330223
What is 42435133 (base 6) in base 16?
130fa1
What is 2db159 (base 14) in base 3?
10000120100112
Convert 11100000000110010011 (base 2) to base 16.
e0193
101000100001011001101 (base 2) to base 7
14200125
What is a63c (base 15) in base 7?
204333
-111303001 (base 5) to base 13
-143ba9
Convert 13314320 (base 5) to base 15.
2a290
What is -111110110011110001010 (base 2) in base 8?
-7663612
467eb (base 15) to base 3
102102000112
Convert 1401031134 (base 5) to base 2.
1101011110100111101110
1011111010000000 (base 2) to base 10
48768
Convert 1343211 (base 6) to base 5.
4412040
Convert 31204 (base 11) to base 15.
d735
-10001110101110 (base 2) to base 11
-6954
What is -11000101000220 (base 3) in base 16?
-208c56
-b4648 (base 14) to base 2
-1101010001001101000
867017 (base 13) to base 12
1083045
What is -1dc2a4 (base 15) in base 14?
-29d7c0
a839cc (base 15) to base 16
7a3d54
-54144 (base 10) to base 2
-1101001110000000
What is -22464 (base 12) in base 16?
-b20c
What is 32380 (base 11) in base 6?
1001432
Convert -485944 (base 10) to base 7.
-4062514
What is 13432040 (base 5) in base 12?
68991
Convert -121010002332 (base 4) to base 5.
-3140221144
What is -4343032 (base 7) in base 14?
-dba89
Convert -3e7797 (base 15) to base 16.
-2df679
Convert -35636304 (base 8) to base 2.
-11101110011110011000100
What is 173613 (base 12) in base 9?
668676
What is -106744d (base 14) in base 12?
-2732451
-673848 (base 10) to base 7
-5504400
What is 18c25 (base 14) in base 16?
f521
Convert 111010110010011 (base 2) to base 13.
10914
3d50 (base 15) to base 4
3031011
Convert -6651 (base 13) to base 7.
-56403
Convert 1312027 (base 8) to base 13.
ca535
What is 22210100121111 (base 3) in base 15?
6243d7
What is -2734a (base 13) in base 2?
-10001110101101110
Convert 2032033103 (base 4) to base 7.
4644401
-186456b (base 13) to base 2
-11110011011110100000001
Convert -127850 (base 9) to base 4.
-103002033
Convert -1009739 (base 14) to base 15.
-9e3aa5
What is -1211434303 (base 5) in base 11?
-1672057
14615 (base 13) to base 4
21113231
Convert -5792511 (base 10) to base 6.
-324053103
Convert -203133100 (base 4) to base 15.
-2d10a
Convert -10020000020212 (base 3) to base 5.
-414300411
Convert -8781 (base 14) to base 6.
-300301
Convert -203433 (base 5) to base 16.
-1a57
148325 (base 9) to base 10
91391
-3230221110 (base 5) to base 8
-32202537
What is -315c2 (base 14) in base 4?
-131011212
325715 (base 8) to base 4
122233031
What is 10021201121020 (base 3) in base 6?
101233053
Convert 30011021 (base 4) to base 3.
2111212122
Convert -4466 (base 11) to base 10.
-5880
What is -370106 (base 9) in base 6?
-4441053
What is -2001011031 (base 5) in base 16?
-3bdad1
-113662366 (base 7) to base 13
-16013b6
Convert -11111100001101001110 (base 2) to base 9.
-1844050
Convert -202000320130 (base 4) to base 14.
-1281656
What is -411374 (base 9) in base 4?
-323201110
Convert 1959d (base 14) to base 2.
1111101011100111
What is 400210300 (base 5) in base 13?
42c48c
a37a38 (base 12) to base 5
1124022413
12031310132 (base 4) to base 8
6156436
23313313 (base 7) to base 10
2054041
-10100100011010101100 (base 2) to base 6
-22233500
Convert -12002002101021 (base 3) to base 8.
-12226102
What is -11204210 (base 5) in base 10?
-100555
What is -2033312113 (base 4) in base 2?
-10001111110110010111
What is -4893767 (base 10) in base 16?
-4aac47
What is 7c8b (base 16) in base 7?
161645
Convert 2a4ef (base 16) to base 5.
21021140
Convert -16a6597 (base 12) to base 14.
-8a3d07
What is -4082362 (base 9) in base 3?
-11002202102002
24324 (base 5) to base 14
955
-839295 (base 11) to base 6
-44453132
-60752b (base 12) to base 13
-409541
-140357 (base 9) to base 3
-11100101221
What is -9464891 (base 10) in base 11?
-5385127
Convert -121303213032 (base 4) to base 13.
-152b281
What is -256225 (base 7) in base 2?
-1011101010110010
What is -132803 (base 15) in base 4?
-3200203323
What is 10011100100101100010001 (base 2) in base 4?
103210230101
Convert 1000001010011011001 (base 2) to base 15.
543c1
Convert -5118a (base 12) to base 13.
-39127
Convert 7317 (base 14) to base 16.
4d69
Convert -3cc6bb (base 13) to base 12.
-5b6a67
Convert 1641853 (base 11) to base 12.
b2b804
What is 522aac (base 14) in base 2?
1010100101001000110000
What is -103231240 (base 5) in base 14?
-b8684
168a09 (base 14) to base 12
322581
Convert 17b140 (base 12) to base 11.
262482
What is 7580a (base 13) in base 14?
57506
8668 (base 15) to base 8
67440
3bfc7 (base 16) to base 7
2042223
What is -4312144222 (base 5) in base 8?
-42555241
What is 10010302212 (base 4) in base 2?
100000100110010100110
Convert -17833344 (base 9) to base 8.
-42245341
Convert -10411111144 (base 5) to base 7.
-166055240
What is 454333 (base 8) in base 2?
100101100011011011
-112424 (base 11) to base 12
-87614
What is 32515450 (base 6) in base 15?
143b50
What is 1806b5 (base 13) in base 16?
92b6f
222760 (base 9) to base 16
208b3
What is 2840b (base 13) in base 8?
223171
561732 (base 8) to base 7
1416123
What is -120000313 (base 4) in base 16?
-18037
Convert -23224002 (base 5) to base 3.
-101201121112
Convert 1885a4 (base 11) to base 6.
10112254
Convert 334053 (base 11) to base 6.
15225030
-17071 (base 15) to base 10
-74356
356882 (base 10) to base 5
42410012
-11222120211 (base 3) to base 11
-67794
Convert -1b9a614 (base 12) to base 11.
-3389809
Convert -114651 (base 9) to base 3.
-10111201201
Convert -13875c3 (base 14) to base 2.
-100100001000001011100111
Convert -832576 (base 9) to base 12.
-1b9a73
Convert -210222300000 (base 4) to base 14.
-13c3040
Convert -21604252 (base 9) to base 15.
-db7ab8
What is -f64a0 (base 16) in base 10?
-1008800
479d32 (base 14) to base 16
255888
-1555144 (base 8) to base 6
-13343140
What is -44505052 (base 6) in base 2?
-101001000101100111000
Convert 3c362 (base 13) to base 6.
2225242
37174 (base 8) to base 5
1002441
8955a (base 12) to base 2
101100011111010110
6322495 (base 11) to base 2
101010100000111101011011
Convert -19a8 (base 11) to base 14.
-cd4
Convert 1713110 (base 8) to base 10.
497224
Convert 15a39 (base 14) to base 5.
3213042
8188356 (base 9) to base 7
52065111
fdc6f (base 16) to base 10
1039471
Convert 10111000000001101010000 (base 2) to base 13.
1331956
What is -155e6 (base 16) in base 3?
-11110001201
What is -7b076 (base 15) in base 13?
-10932c
What is 2a16294 (base 11) in base 7?
62000066
What is 21203120 (base 4) in base 6?
501052
Convert -732842 (base 10) to base 8.
-2627252
-21254088 (base 9) to base 10
-10251278
703d (base 15) to base 12
11857
4dd9c (base 14) to base 4
232320112
What is -20615 (base 8) in base 10?
-8589
Convert 122100210 (base 4) to base 13.
39c57
Convert -2322333012 (base 4) to base 7.
-6336633
What is -4424607 (base 8) in base 7?
-13055126
Convert -2113331442 (base 5) to base 3.
-22100020102222
884758 (base 14) to base 8
21504012
Convert -f06c6 (base 16) to base 2.
-11110000011011000110
What is -1543143 (base 6) in base 8?
-262447
-35201333 (base 7) to base 12
-1051b22
-16723352 (base 9) to base 4
-200002322231
Convert -200464 (base 9) to base 10.
-118480
Convert -100770 (base 16) to base 14.
-1d4b84
-211000231100 (base 4) to base 9
-20226848
What is -216633 (base 9) in base 2?
-11111101000001101
What is -634683a (base 11) in base 14?
-16b0532
-406b7 (base 12) to base 13
-2c296
What is -44676 (base 12) in base 9?
-147510
What is 49818 (base 13) in base 7?
1102503
-2465 (base 12) to base 10
-4109
What is -2740745 (base 12) in base 14?
-106da97
What is 22011102011021 (base 3) in base 2?
10000100011001011011010
Convert -13a0333 (base 11) to base 13.
-661127
Convert 321221111322 (base 4) to base 3.
100110